 Let k be m(x). Suppose -5*f + 31 = -k. List the prime factors of f.
3
Let p be 2/3 + (-34)/(-3). Suppose 9 = -x + 5*v, -v + p = 2*v. What are the prime factors of x?
11
Let p(a) = -9*a**2 + 2*a + 1. Let j be p(-1). Let i = j - -23. What are the prime factors of i?
13
Let s = 58 - -85. List the prime factors of s.
11, 13
Suppose t - 21 = 1. List the prime factors of t.
2, 11
Let z(a) = 2*a + 3. Let q be z(-2). Let r be (1 + 42)*(q - -2). Suppose -r - 17 = -5*s. What are the prime factors of s?
2, 3
Suppose -o + 5 = 3*k - 0*o, -2*k + 26 = -5*o. Suppose 0 = k*u - 39 - 45. List the prime factors of u.
2, 7
Suppose 3*b - b + 5*u - 69 = 0, 3*b - u = 129. List the prime factors of b.
2, 3, 7
Let o(r) be the third derivative of -r**6/120 - 3*r**5/20 + r**4/3 - 5*r**3/6 - 4*r**2. What are the prime factors of o(-10)?
3, 5
Let d = 26 + -36. Let c(r) = -r**2 - 13*r - 5. List the prime factors of c(d).
5
Let r(w) = w**2 - 4*w - 14. What are the prime factors of r(-8)?
2, 41
Let o(a) = 3*a**2 - a + 3. Let h be o(6). Suppose 64 = 2*d - 4*s, -3*d = -0*d - 3*s - h. What are the prime factors of d?
2, 19
Suppose 0 = -v + 29 + 14. What are the prime factors of v?
43
Suppose 28 - 20 = 2*f. What are the prime factors of (4/(-8))/(-1)*f?
2
Let c(q) be the second derivative of -1/2*q**2 + q**3 + 3*q + 0 - 1/12*q**4. List the prime factors of c(5).
2
Suppose -4*y + 0*y - 2 = i, 0 = -3*i + 5*y + 62. List the prime factors of i/(-4)*(-128)/16.
2, 7
Suppose 2*s - 62 - 2 = 0. List the prime factors of s.
2
Let m be (12/(-14))/((-6)/(-42)). List the prime factors of (-3)/((-9)/m) - -19.
17
Let t(p) = 4*p**2 + 1. List the prime factors of t(3).
37
Let z(s) = s**2 - 2*s - 7. Let a be z(7). Let r be a/6 + (-6)/9. Suppose -3*o + 2 = -r. What are the prime factors of o?
2
List the prime factors of (-74 - -9)*2/(-5).
2, 13
Let p = 4 - 4. Suppose 3*m - 3*z = 51, p = m + 4*z - 11 - 21. Suppose -m = -c - 3*c. List the prime factors of c.
5
Let r(u) = 5*u + 10. What are the prime factors of r(5)?
5, 7
Let j(p) = p**2 + 3*p - 1. Let g be j(-4). Let s = g - 3. Suppose s = m + m - 6. List the prime factors of m.
3
Suppose 3*s + 30 = y + 5*s, -2*s - 10 = 0. Let w = y - 28. List the prime factors of w.
2, 3
Let m = -102 + 156. List the prime factors of m.
2, 3
Suppose 0 = -2*v + 5*u + 23, -v + 17 = -5*u + 3. What are the prime factors of (6/v)/(4/102)?
17
Let b be 2*7/((-14)/(-4)). Suppose b*l = -0*l. Suppose -5*m + 10*m + 5*a + 5 = l, -3*m + 37 = -5*a. List the prime factors of m.
2
Let r(k) = 6 - 2*k - 2 - 1. Let u be r(-7). Suppose -2*i + 5*w = -6*i + u, -5*i = -2*w - 13. List the prime factors of i.
3
Let a(z) = -z**2 - 13*z - 4. Let i be a(-10). Let g = 38 - i. What are the prime factors of g?
2, 3
Let j = 189 + -74. Suppose 3*o = -2*o + j. List the prime factors of o.
23
Suppose -5*i + 8 = b, 6*i + 2*b = i + 6. Let y be 138/5 - 2/(-5). Suppose -2*z = i*z - y. What are the prime factors of z?
7
Let k = -7 - -11. Suppose -5*v - 32 = 4*p, p = -k + 1. What are the prime factors of (10/v - -2)*-8?
2
Let a = -53 - -38. Let w = 10 - a. What are the prime factors of w?
5
Suppose 0 = t - 2*t. Suppose t = -5*d + 17 + 73. List the prime factors of d.
2, 3
Suppose -551 = -4*u + 161. List the prime factors of u.
2, 89
Suppose -218 = -2*w + d + 158, -2*w = -4*d - 364. What are the prime factors of w?
2, 5, 19
List the prime factors of (-264)/(-4) + (-1)/1.
5, 13
Let x = -1 + -13. Let s = -6 - x. Suppose 11*c - 12 = s*c. What are the prime factors of c?
2
What are the prime factors of (19/4)/(6/168)?
7, 19
Suppose 11*j - 20 = 6*j. Suppose 5*o - j*o = 17. List the prime factors of o.
17
Let w(x) = 4*x + 7. List the prime factors of w(17).
3, 5
Let s(t) = 3 + 4*t - t**3 + t + 3*t**2 - 2*t + t. Let p be ((-8)/(-2))/(2 + -1). List the prime factors of s(p).
3
Let n = 164 + -38. List the prime factors of n.
2, 3, 7
Suppose -3*o + 77 + 40 = 0. List the prime factors of o.
3, 13
Let n = -56 - -124. List the prime factors of n.
2, 17
Let l = 40 + -21. List the prime factors of l.
19
Let x be 1/(-2) + 91/14. Suppose 0 = l - x*l + 150. What are the prime factors of l?
2, 3, 5
List the prime factors of -2*(3 - 20 - 3).
2, 5
What are the prime factors of 910/39 - 2/(-3)?
2, 3
Let i = 52 - 27. What are the prime factors of i?
5
Let n = 63 + -24. Let s = n - 17. Suppose c = -f - c + 7, -4*f = 2*c - s. List the prime factors of f.
5
Let x be (14/4)/((-9)/324). List the prime factors of 4/6*x/(-7).
2, 3
Let k = 0 + 1. Let h be k/(-1)*(1 - 27). Let r = h - 16. List the prime factors of r.
2, 5
What are the prime factors of (602/(-70))/((-2)/10)?
43
Suppose 5*m - m - 12 = 0. Suppose -2*w - q = -m*w + 2, 4*w - 2*q - 12 = 0. Suppose -w*z + 5 = -y - 1, 4*z = 4*y. What are the prime factors of z?
2
Suppose -3*o - 17 = i, 2*i - 4*i = 3*o + 28. Let b(m) = -m**2 - 14*m - 15. List the prime factors of b(i).
2, 3
Let m be (-2)/((-3)/(-2) - 2). Let p = 4 + -4. Suppose p*b - 36 = -4*g - m*b, -4*g + 36 = -b. List the prime factors of g.
3
Let d = -66 - -161. List the prime factors of d.
5, 19
Let u(g) = g**2 - 4*g. Let v be (-6 - -12) + (0 - 1). What are the prime factors of u(v)?
5
Let l(c) = -c**3 - c**2 + 11*c + 24. What are the prime factors of l(-7)?
241
Suppose u - 2*u - 2*q + 12 = 0, 3*q - 6 = 0. Suppose 5*f = 4*w + u, 0*w = 5*f + 3*w + 6. Suppose -a = 5*m - f - 44, -a = 2*m - 20. List the prime factors of m.
2
Let t be (2/(-5))/((-1)/10). Suppose 17 + 7 = t*k. List the prime factors of k.
2, 3
Let b be (2/5)/((-7)/(-35)). Suppose j = -b*j. Suppose w - 4*w + 24 = j. What are the prime factors of w?
2
Let p = 85 + -55. List the prime factors of p.
2, 3, 5
Suppose -5*q = -q - 8. Suppose 3 = -2*u + l, q*u = u - 5*l - 29. Let x = 7 + u. What are the prime factors of x?
3
Let n = 6 + 2. What are the prime factors of n?
2
Suppose -7*f + 14*f = 315. List the prime factors of f.
3, 5
List the prime factors of 149/7 - 28/98.
3, 7
Let i = 146 + 140. What are the prime factors of i?
2, 11, 13
Suppose 6 + 4 = 2*t. Suppose 0*o = t*o - 85. List the prime factors of o.
17
Let m = 7 - 2. Suppose x - o + 0*o = 4, -4*o = -m*x + 18. Suppose 4*t + 3*i = x*i + 15, 10 = -2*t - 4*i. List the prime factors of t.
5
Suppose -d - 8 = 2*v, 0*d + 3*d + 6 = 0. Suppose 3*i - b = 11 - 6, -i + 4*b = -9. Let c = i - v. What are the prime factors of c?
2
Let q be -2*21 - (-9)/3. Let d = -27 - q. What are the prime factors of d?
2, 3
Let u = -10 + 53. List the prime factors of u.
43
Suppose 6 = 4*w - 2*s, 4*s + 15 = 2*w - s. Let y(z) = 6*z**3 - 4*z + 24. Let d(g) = g**3 - g + 1. Let c(t) = -5*d(t) + y(t). What are the prime factors of c(w)?
19
Let s(b) = -4*b**3 + b**2 + 2*b + 1. List the prime factors of s(-2).
3, 11
Suppose -x + 5*l = 40, 3*x + 36 = x - l. Let t = 44 + x. List the prime factors of t.
2, 3
Let f be (1/(-1))/((-1)/7). Suppose f*w - 28 = 3*w. What are the prime factors of w?
7
Let d(f) = f**3 + 10*f**2 + 1. Let o be d(-10). Let i(c) = 6*c**2 + c - 1. What are the prime factors of i(o)?
2, 3
Suppose 4*n = -5*w + 18, -w + 9 = 4*n - 1. Suppose -3*g + 2 = -5*q + 8, -4 = n*g - 2*q. List the prime factors of -1*(-4)/(-2)*g.
2
Suppose -q - t + 2 = 0, -4*q - 5*t + 0*t + 12 = 0. Let b = -6 - q. Let i(o) = -o**3 - 3*o**2 + 2*o + 1. List the prime factors of i(b).
3
Let n(a) = -a**3 - 6*a**2 - 5. List the prime factors of n(-7).
2, 11
Let d(j) = -j**3 - 8*j**2 - 8*j - 2. Let i(g) = -3*g**2 - 3*g - 1. Let o be i(-2). Let x be d(o). What are the prime factors of (-1)/x + (-164)/(-20)?
2
Suppose -6 + 21 = 5*c - 5*p, -2*p = 4*c. Let a(s) = 4*s + 2 - 2*s + 1 - 4 - s**2 + 2*s**3. What are the prime factors of a(c)?
2
Let i = 3 - -8. Let g(u) = u**3 - 10*u**2 - 12*u + 14. Let h be g(i). Suppose -b + 0*b = -p + 3, h*p + 4*b = 37. What are the prime factors of p?
7
Let w(c) = c**2 - c + 2. Let b = 3 + -2. Let v(f) = -f. Let m(x) = b*w(x) + 3*v(x). What are the prime factors of m(4)?
2
Suppose 0 = -o - 2*o + 297. List the prime factors of o.
3, 11
Suppose 0 = 2*q - 0*q - 2. Let j(g) = 37*g**3 + 2*g**2 - g. List the prime factors of j(q).
2, 19
Let m be 20*(-2 + (-11)/(-4)). Let t be (6/(-18))/(4/(-48)). Suppose d + t = m. What are the prime factors of d?
11
Let b(m) = 9*m**2. Let p be b(1). Let y = p - 2. What are the prime factors of y?
7
Suppose 4*p